{"id":104,"date":"2021-03-08T22:53:40","date_gmt":"2021-03-08T22:53:40","guid":{"rendered":"https:\/\/lahdenkitaraorkesteri.fi\/?page_id=104"},"modified":"2021-03-18T20:28:46","modified_gmt":"2021-03-18T20:28:46","slug":"biisilista","status":"publish","type":"page","link":"https:\/\/lahdenkitaraorkesteri.fi\/index.php\/biisilista\/","title":{"rendered":"Biisilista"},"content":{"rendered":"\n<figure class=\"wp-block-table is-style-stripes\"><table><tbody><tr><td>&nbsp;<\/td><td><strong>Nimi:<\/strong><\/td><td><strong>Toinen nimi:<\/strong><\/td><td><strong>Esitt\u00e4j\u00e4(t):<\/strong><\/td><td><strong>L\u00e4ht\u00f6sointu:<\/strong><\/td><\/tr><tr><td>1<\/td><td>Aaveratsastajat<\/td><td>(Ghost) Riders in the Sky<\/td><td>Eri esitt\u00e4ji\u00e4 mm. Shadows, Johnny Cash<\/td><td>Dm<\/td><\/tr><tr><td>2<\/td><td>Ajomies<\/td><td>\u042f\u043c\u0449\u0438\u043a, \u043d\u0435 \u0433\u043e\u043d\u0438 \u043b\u043e\u0448\u0430\u0434\u0435\u0439, Jam\u0161t\u0161ik, ne goni lo\u0161adei<\/td><td>Olavi Virta, Agents<\/td><td>Cm<\/td><\/tr><tr><td>3<\/td><td>Albatross<\/td><td>&nbsp;<\/td><td>Fleetwood Mac<\/td><td>E<\/td><\/tr><tr><td>4<\/td><td>Apache<\/td><td>&nbsp;<\/td><td>Shadows \/ Bert Weedom<\/td><td>Am<\/td><\/tr><tr><td>5<\/td><td>Atlantis<\/td><td>&nbsp;<\/td><td>Shadows<\/td><td>F<\/td><\/tr><tr><td>6<\/td><td>Be-Bop-A-Lula<\/td><td>Be-Bop-A-Lula<\/td><td>Gene Vincent<\/td><td>A7<\/td><\/tr><tr><td>7<\/td><td>Before You Accuse Me<\/td><td>Before You Accuse Me (Take a Look at Yourself)<\/td><td>Eric Clapton<\/td><td>E7<\/td><\/tr><tr><td>8<\/td><td>Besame Mucho<\/td><td>Besame Mucho<\/td><td>&nbsp;<\/td><td>Am7<\/td><\/tr><tr><td>9<\/td><td>Bourbon Street<\/td><td>&nbsp;<\/td><td>Hurriganes<\/td><td>C<\/td><\/tr><tr><td>10<\/td><td>Can&#8217;t Help Falling in Love with You<\/td><td>Can&#8217;t Help Falling in Love with You<\/td><td>Elvis Presley<\/td><td>C<\/td><\/tr><tr><td>11<\/td><td>Cavatina<\/td><td>Theme from the Deer Hunter<\/td><td>John Williams<\/td><td>E<\/td><\/tr><tr><td>12<\/td><td>Cherbourgin sateenvarjot<\/td><td>Les Parapluies de Cherbourg \/ The Umbrellas of Cherbourg&nbsp;<\/td><td>Catherine Deneuve, Nino Castelnuovo<\/td><td>Dm<\/td><\/tr><tr><td>13<\/td><td>Day Tripper&nbsp;<\/td><td>Day Tripper&nbsp;<\/td><td>Beatles<\/td><td>E<\/td><\/tr><tr><td>14<\/td><td>Delfiinipoika<\/td><td>The Boy On a Dolphin<\/td><td>Olavi Virta, Kari Tapio<\/td><td>Dm<\/td><\/tr><tr><td>15<\/td><td>Delilah<\/td><td>Delilah<\/td><td>Tapani Kansa<\/td><td>Dm<\/td><\/tr><tr><td>16<\/td><td>Diana<\/td><td>Diana<\/td><td>Paul Anka, Jussi &amp; Boys<\/td><td>C<\/td><\/tr><tr><td>17<\/td><td>Eight Days a Week<\/td><td>Eight Days a Week<\/td><td>Beatles<\/td><td>D<\/td><\/tr><tr><td>18<\/td><td>Emma<\/td><td>Emma<\/td><td>Sounds<\/td><td>Am<\/td><\/tr><tr><td>19<\/td><td>Exodus<\/td><td>This Land Is Mine<\/td><td>Pat Boone<\/td><td>Cm<\/td><\/tr><tr><td>20<\/td><td>Fiilaten ja h\u00f6yl\u00e4ten<\/td><td>&nbsp;<\/td><td>Rauli Badding Somerjoki<\/td><td>&nbsp;<\/td><\/tr><tr><td>21<\/td><td>Fly Me to the Moon&nbsp;<\/td><td>Fly Me to the Moon&nbsp;<\/td><td>Frank Sinatra<\/td><td>Am7<\/td><\/tr><tr><td>22<\/td><td>Girl<\/td><td>Girl<\/td><td>Beatles<\/td><td>Am<\/td><\/tr><tr><td>23<\/td><td>Got To Get You Into My Life<\/td><td>Got To Get You Into My Life<\/td><td>Beatles<\/td><td>G<\/td><\/tr><tr><td>24<\/td><td>Greensleeves<\/td><td>Greensleeves<\/td><td>Eri esitt\u00e4ji\u00e4 mm. Chet Atkins<\/td><td>Am<\/td><\/tr><tr><td>25<\/td><td>Hard as a Rock<\/td><td>Hard as a Rock<\/td><td>AC \/DC<\/td><td>B5<\/td><\/tr><tr><td>26<\/td><td>Have You ever seen the rain<\/td><td>Have You ever seen the rain<\/td><td>CCR \/ Creedence Clearwater Revival<\/td><td>Hm<\/td><\/tr><tr><td>27<\/td><td>Hermes<\/td><td>Pandora&#8217;s Box<\/td><td>Pepe \/ Procol Harum<\/td><td>Am<\/td><\/tr><tr><td>28<\/td><td>Hernandon salaisuus<\/td><td>Hernando&#8217;s Hideaway<\/td><td>Olavi Virta<\/td><td>H7<\/td><\/tr><tr><td>29<\/td><td>Hopeinen kuu<\/td><td>Guarda che luna<\/td><td>Olavi Virta<\/td><td>Dm<\/td><\/tr><tr><td>30<\/td><td>Huomenta Suomi<\/td><td>City of New Orleans<\/td><td>Karma<\/td><td>C<\/td><\/tr><tr><td>31<\/td><td>Hymy<\/td><td>Smile<\/td><td>Charlie Chaplin<\/td><td>F<\/td><\/tr><tr><td>32<\/td><td>H\u00e4n<\/td><td>&nbsp;<\/td><td>J. Karjalainen<\/td><td>C<\/td><\/tr><tr><td>33<\/td><td>I Just called to say I love You<\/td><td>I Just called to say I love You<\/td><td>Stevie Wonder<\/td><td>G<\/td><\/tr><tr><td>34<\/td><td>I Will Stay<\/td><td>I Will Stay<\/td><td>The Lollypops \/ Hurriganes<\/td><td>Am<\/td><\/tr><tr><td>35<\/td><td>Imagine<\/td><td>Imagine<\/td><td>John Lennon<\/td><td>Cmaj7<\/td><\/tr><tr><td>36<\/td><td>It&#8217;s Now or Never<\/td><td>O Sole Mio<\/td><td>Elvis Presley<\/td><td>D<\/td><\/tr><tr><td>37<\/td><td>Jailhouse Rock<\/td><td>Jailhouse Rock<\/td><td>Elvis Presley<\/td><td>E5<\/td><\/tr><tr><td>38<\/td><td>Jambalaya<\/td><td>Jambalaya (On the Bayou)<\/td><td>Hank Williams \/ CCR<\/td><td>G7<\/td><\/tr><tr><td>39<\/td><td>Kaksi kitaraa<\/td><td>Dve gitary \/ Kolme kitaraa<\/td><td>The Strangers \/ Agents<\/td><td>Fm<\/td><\/tr><tr><td>40<\/td><td>Kauan<\/td><td>Downtown<\/td><td>Danny&nbsp;<\/td><td>D<\/td><\/tr><tr><td>41<\/td><td>Kaunis nainen<\/td><td>Pretty Woman<\/td><td>Jussi &amp; Boys \/ Roy Orbison<\/td><td>H7<\/td><\/tr><tr><td>42<\/td><td>Kes\u00e4 meni jo<\/td><td>Sommaren \u00e4r kort<\/td><td>Kisu \/ Tomas Ledin<\/td><td>D<\/td><\/tr><tr><td>43<\/td><td>Kiehuvaa vett\u00e4<\/td><td>The Smoke on the Water<\/td><td>Deep Purple<\/td><td>Em7<\/td><\/tr><tr><td>44<\/td><td>Kielletyt leikit (Rakkauden romanssi)<\/td><td>Jeux interdits<\/td><td>Carola<\/td><td>Em7<\/td><\/tr><tr><td>45<\/td><td>Kolmatta linjaa takaisin<\/td><td>Beautiful in the Rain<\/td><td>Fredi \/ Petula Clark<\/td><td>Am<\/td><\/tr><tr><td>46<\/td><td>Kolme cowboyta<\/td><td>&nbsp;<\/td><td>J. Karjalainen<\/td><td>G<\/td><\/tr><tr><td>47<\/td><td>Kotiviini<\/td><td>Summer Wine<\/td><td>Anna Hanski<\/td><td>Am<\/td><\/tr><tr><td>48<\/td><td>Kuolleet lehdet<\/td><td>Les Feuilles mortes \/ Autumn Leaves&nbsp;<\/td><td>Olavi Virta \/ Agents \/ Heikki Laurila<\/td><td>Em<\/td><\/tr><tr><td>49<\/td><td>La Playa<\/td><td>&nbsp;<\/td><td>Jo Van Wetter \/ Claude Ciari<\/td><td>Dm7<\/td><\/tr><tr><td>50<\/td><td>Leijat<\/td><td>Kites<\/td><td>Kirka \/ Simon Dupree?<\/td><td>Gm<\/td><\/tr><tr><td>51<\/td><td>Let It Be<\/td><td>&nbsp;<\/td><td>Beatles<\/td><td>G?<\/td><\/tr><tr><td>52<\/td><td>Meri<\/td><td>La Mer<\/td><td>Olavi Virta<\/td><td>F<\/td><\/tr><tr><td>53<\/td><td>Merisairaat kasvot<\/td><td>A Whiter Shade of Pale<\/td><td>Pepe \/ Procol Harum<\/td><td>F<\/td><\/tr><tr><td>54<\/td><td>Michelle<\/td><td>Michelle<\/td><td>Beatles<\/td><td>H<\/td><\/tr><tr><td>55<\/td><td>Mik\u00e4 voi olla sen mukavampaa<\/td><td>My Favorite Things<\/td><td>Julie Andrews<\/td><td>Cmaj7<\/td><\/tr><tr><td>56<\/td><td>Mombasa<\/td><td>Ibo lele<\/td><td>Taiska<\/td><td>D<\/td><\/tr><tr><td>57<\/td><td>Moskovan valot<\/td><td>Moskovskije okna<\/td><td>Gerog Ots \/ Agents<\/td><td>Dm<\/td><\/tr><tr><td>58<\/td><td>Mustat silm\u00e4t<\/td><td>\u041e\u0447\u0438 \u0447\u0451\u0440\u043d\u044b\u0435 \/ Dark Eyes<\/td><td>Eri esitt\u00e4ji\u00e4<\/td><td>E7<\/td><\/tr><tr><td>59<\/td><td>My Heart Will Go On<\/td><td>My Heart Will Go On<\/td><td>Celine Dion<\/td><td>D<\/td><\/tr><tr><td>60<\/td><td>My Only One<\/td><td>&nbsp;<\/td><td>Hurriganes<\/td><td>D<\/td><\/tr><tr><td>61<\/td><td>Nainen tummissa<\/td><td>Lady In Black<\/td><td>Uriah Heep<\/td><td>Em<\/td><\/tr><tr><td>62<\/td><td>Nousevan auringon talo<\/td><td>The House of the Rising Sun<\/td><td>Animals<\/td><td>Am<\/td><\/tr><tr><td>63<\/td><td>Oh! Darling<\/td><td>Oh! Darling<\/td><td>Beatles<\/td><td>A<\/td><\/tr><tr><td>64<\/td><td>Paratiisi<\/td><td>&nbsp;<\/td><td>Rauli Badding Somerjoki<\/td><td>Am<\/td><\/tr><tr><td>65<\/td><td>Portugalin huhtikuu<\/td><td>Coimbra<\/td><td>Olavi Virta \/ Kari Tapio<\/td><td>Hm7<\/td><\/tr><tr><td>66<\/td><td>Rafaelin enkeli<\/td><td>&nbsp;<\/td><td>Pekka Ruuska<\/td><td>Em<\/td><\/tr><tr><td>67<\/td><td>Rakasta minua hell\u00e4sti<\/td><td>Love Me Tender<\/td><td>Elvis Presley<\/td><td>G<\/td><\/tr><tr><td>68<\/td><td>Ranskalaiset korot<\/td><td>&nbsp;<\/td><td>Helena Siltala<\/td><td>F7<\/td><\/tr><tr><td>69<\/td><td>Roadrunner<\/td><td>&nbsp;<\/td><td>Hurriganes<\/td><td>E<\/td><\/tr><tr><td>70<\/td><td>Salattu suru<\/td><td>My Heart Must Do the Crying<\/td><td>Danny &amp; Renegades \/ Agents<\/td><td>G<\/td><\/tr><tr><td>71<\/td><td>Shindig<\/td><td>&nbsp;<\/td><td>Shadows<\/td><td>A<\/td><\/tr><tr><td>72<\/td><td>Sininen ja valkoinen<\/td><td>&nbsp;<\/td><td>Jukka Kuoppam\u00e4ki<\/td><td>Am<\/td><\/tr><tr><td>73<\/td><td>Sin\u00e4 tunteeni t\u00e4yt\u00e4t<\/td><td>Annie&#8217;s Song<\/td><td>John Denver \/ Freeman<\/td><td>D<\/td><\/tr><tr><td>74<\/td><td>Sin\u00e4 vain<\/td><td>Only You (And You Alone)<\/td><td>The Platters<\/td><td>G<\/td><\/tr><tr><td>75<\/td><td>Sirtaki Mili Semo<\/td><td>&nbsp;<\/td><td>&nbsp;<\/td><td>Am<\/td><\/tr><tr><td>76<\/td><td>Spanish Eyes<\/td><td>Moon Over Naples<\/td><td>Freddy Quinn \/ Bert Kaempfert &amp; His Orchestra<\/td><td>G<\/td><\/tr><tr><td>77<\/td><td>Stairway to Heaven<\/td><td>&nbsp;<\/td><td>Led Zeppelin<\/td><td>Am<\/td><\/tr><tr><td>78<\/td><td>Sunny<\/td><td>&nbsp;<\/td><td>Anki<\/td><td>Am7<\/td><\/tr><tr><td>79<\/td><td>Surujen kitara<\/td><td>Johnny Guitar<\/td><td>Agents<\/td><td>Am<\/td><\/tr><tr><td>80<\/td><td>Suudelmin suljetut kirjeet<\/td><td>Sealed with a Kiss<\/td><td>Danny \/ Kari Tapio \/ Brian Hyland \/ Jason Donovan<\/td><td>Em<\/td><\/tr><tr><td>81<\/td><td>Tennessee-valssi<\/td><td>Tennessee waltz<\/td><td>Eri esitt. \/ Original Pee Wee King &#8211; Redd Stewart<\/td><td>A<\/td><\/tr><tr><td>82<\/td><td>The Jack<\/td><td>The Jack<\/td><td>AC \/DC<\/td><td>B<\/td><\/tr><tr><td>83<\/td><td>Tiko Tiko<\/td><td>Tico Tico<\/td><td>Carmen Miranda<\/td><td>F<\/td><\/tr><tr><td>84<\/td><td>Tuollainen tytt\u00f6<\/td><td>A Girl Like You<\/td><td>Timo J\u00e4msen \/ Danny \/ Cliff Richard<\/td><td>C<\/td><\/tr><tr><td>85<\/td><td>T\u00e4hdet, t\u00e4hdet<\/td><td>&nbsp;<\/td><td>Rauli Badding Somerjoki<\/td><td>Am<\/td><\/tr><tr><td>86<\/td><td>Unohtumaton ilta<\/td><td>Podmoskovnyje vet\u0161era<\/td><td>Gerog Ots \/ Agents<\/td><td>Am<\/td><\/tr><tr><td>87<\/td><td>Valot<\/td><td>&nbsp;<\/td><td>Rauli Badding Somerjoki<\/td><td>Am<\/td><\/tr><tr><td>88<\/td><td>Varrella virran<\/td><td>Down by the River<\/td><td>Kirka<\/td><td>D<\/td><\/tr><tr><td>89<\/td><td>Vihre\u00e4t niityt<\/td><td>Greenfields<\/td><td>Olavi Virta, Agents, Brothers Four<\/td><td>Am<\/td><\/tr><tr><td>90<\/td><td>Viidestoista y\u00f6<\/td><td>&nbsp;<\/td><td>Juice Leskinen<\/td><td>D<\/td><\/tr><tr><td>91<\/td><td>Wild World<\/td><td>&nbsp;<\/td><td>Cat Stevens<\/td><td>Am<\/td><\/tr><tr><td>92<\/td><td>Wipe Out<\/td><td>&nbsp;<\/td><td>The Ventures<\/td><td>A<\/td><\/tr><tr><td>93<\/td><td>Yesterday<\/td><td>&nbsp;<\/td><td>Beatles<\/td><td>G<\/td><\/tr><tr><td>94<\/td><td>Yst\u00e4v\u00e4n laulu<\/td><td>\u041f\u0435\u0441\u043d\u044f \u043e \u0434\u0440\u0443\u0433\u0435, Pesnja o druge<\/td><td>Arja Saijonmaa<\/td><td>Am<\/td><\/tr><tr><td>95<\/td><td>Y\u00f6n v\u00e4istyess\u00e4<\/td><td>Manha de carnaval \/ La chanson d&#8217;Orphee<\/td><td>Agents<\/td><td>Am<\/td><\/tr><\/tbody><\/table><\/figure>\n\n\n\n<div class=\"wp-block-columns is-layout-flex wp-container-core-columns-is-layout-28f84493 wp-block-columns-is-layout-flex\">\n<div class=\"wp-block-column is-layout-flow wp-block-column-is-layout-flow\" style=\"flex-basis:100%\"><\/div>\n<\/div>\n","protected":false},"excerpt":{"rendered":"<p>&nbsp; Nimi: Toinen nimi: Esitt\u00e4j\u00e4(t): L\u00e4ht\u00f6sointu: 1 Aaveratsastajat (Ghost) Riders in the Sky Eri esitt\u00e4ji\u00e4 mm. Shadows, Johnny Cash Dm 2 Ajomies \u042f\u043c\u0449\u0438\u043a, \u043d\u0435 \u0433\u043e\u043d\u0438 \u043b\u043e\u0448\u0430\u0434\u0435\u0439, Jam\u0161t\u0161ik, ne goni lo\u0161adei Olavi Virta, Agents Cm 3 Albatross &nbsp; Fleetwood Mac E 4 Apache &nbsp; Shadows \/ Bert Weedom Am 5 Atlantis &nbsp; Shadows F 6 Be-Bop-A-Lula [&hellip;]<\/p>\n","protected":false},"author":3,"featured_media":0,"parent":0,"menu_order":0,"comment_status":"closed","ping_status":"closed","template":"","meta":{"site-sidebar-layout":"default","site-content-layout":"default","ast-site-content-layout":"default","site-content-style":"default","site-sidebar-style":"default","ast-global-header-display":"","ast-banner-title-visibility":"","ast-main-header-display":"","ast-hfb-above-header-display":"","ast-hfb-below-header-display":"","ast-hfb-mobile-header-display":"","site-post-title":"","ast-breadcrumbs-content":"","ast-featured-img":"","footer-sml-layout":"","ast-disable-related-posts":"","theme-transparent-header-meta":"default","adv-header-id-meta":"","stick-header-meta":"","header-above-stick-meta":"","header-main-stick-meta":"","header-below-stick-meta":"","astra-migrate-meta-layouts":"default","ast-page-background-enabled":"default","ast-page-background-meta":{"desktop":{"background-color":"","background-image":"","background-repeat":"repeat","background-position":"center center","background-size":"auto","background-attachment":"scroll","background-type":"","background-media":"","overlay-type":"","overlay-color":"","overlay-opacity":"","overlay-gradient":""},"tablet":{"background-color":"","background-image":"","background-repeat":"repeat","background-position":"center center","background-size":"auto","background-attachment":"scroll","background-type":"","background-media":"","overlay-type":"","overlay-color":"","overlay-opacity":"","overlay-gradient":""},"mobile":{"background-color":"","background-image":"","background-repeat":"repeat","background-position":"center center","background-size":"auto","background-attachment":"scroll","background-type":"","background-media":"","overlay-type":"","overlay-color":"","overlay-opacity":"","overlay-gradient":""}},"ast-content-background-meta":{"desktop":{"background-color":"var(--ast-global-color-5)","background-image":"","background-repeat":"repeat","background-position":"center center","background-size":"auto","background-attachment":"scroll","background-type":"","background-media":"","overlay-type":"","overlay-color":"","overlay-opacity":"","overlay-gradient":""},"tablet":{"background-color":"var(--ast-global-color-5)","background-image":"","background-repeat":"repeat","background-position":"center center","background-size":"auto","background-attachment":"scroll","background-type":"","background-media":"","overlay-type":"","overlay-color":"","overlay-opacity":"","overlay-gradient":""},"mobile":{"background-color":"var(--ast-global-color-5)","background-image":"","background-repeat":"repeat","background-position":"center center","background-size":"auto","background-attachment":"scroll","background-type":"","background-media":"","overlay-type":"","overlay-color":"","overlay-opacity":"","overlay-gradient":""}},"footnotes":""},"class_list":["post-104","page","type-page","status-publish","hentry"],"yoast_head":"<!-- This site is optimized with the Yoast SEO plugin v27.2 - https:\/\/yoast.com\/product\/yoast-seo-wordpress\/ -->\n<title>Biisilista - LAHDEN KITARAORKESTERI<\/title>\n<meta name=\"robots\" content=\"index, follow, max-snippet:-1, max-image-preview:large, max-video-preview:-1\" \/>\n<link rel=\"canonical\" href=\"https:\/\/lahdenkitaraorkesteri.fi\/index.php\/biisilista\/\" \/>\n<meta property=\"og:locale\" content=\"fi_FI\" \/>\n<meta property=\"og:type\" content=\"article\" \/>\n<meta property=\"og:title\" content=\"Biisilista - LAHDEN KITARAORKESTERI\" \/>\n<meta property=\"og:description\" content=\"&nbsp; Nimi: Toinen nimi: Esitt\u00e4j\u00e4(t): L\u00e4ht\u00f6sointu: 1 Aaveratsastajat (Ghost) Riders in the Sky Eri esitt\u00e4ji\u00e4 mm. Shadows, Johnny Cash Dm 2 Ajomies \u042f\u043c\u0449\u0438\u043a, \u043d\u0435 \u0433\u043e\u043d\u0438 \u043b\u043e\u0448\u0430\u0434\u0435\u0439, Jam\u0161t\u0161ik, ne goni lo\u0161adei Olavi Virta, Agents Cm 3 Albatross &nbsp; Fleetwood Mac E 4 Apache &nbsp; Shadows \/ Bert Weedom Am 5 Atlantis &nbsp; Shadows F 6 Be-Bop-A-Lula [&hellip;]\" \/>\n<meta property=\"og:url\" content=\"https:\/\/lahdenkitaraorkesteri.fi\/index.php\/biisilista\/\" \/>\n<meta property=\"og:site_name\" content=\"LAHDEN KITARAORKESTERI\" \/>\n<meta property=\"article:modified_time\" content=\"2021-03-18T20:28:46+00:00\" \/>\n<meta name=\"twitter:card\" content=\"summary_large_image\" \/>\n<meta name=\"twitter:label1\" content=\"Arvioitu lukuaika\" \/>\n\t<meta name=\"twitter:data1\" content=\"5 minuuttia\" \/>\n<script type=\"application\/ld+json\" class=\"yoast-schema-graph\">{\"@context\":\"https:\/\/schema.org\",\"@graph\":[{\"@type\":\"WebPage\",\"@id\":\"https:\/\/lahdenkitaraorkesteri.fi\/index.php\/biisilista\/\",\"url\":\"https:\/\/lahdenkitaraorkesteri.fi\/index.php\/biisilista\/\",\"name\":\"Biisilista - LAHDEN KITARAORKESTERI\",\"isPartOf\":{\"@id\":\"https:\/\/lahdenkitaraorkesteri.fi\/#website\"},\"datePublished\":\"2021-03-08T22:53:40+00:00\",\"dateModified\":\"2021-03-18T20:28:46+00:00\",\"breadcrumb\":{\"@id\":\"https:\/\/lahdenkitaraorkesteri.fi\/index.php\/biisilista\/#breadcrumb\"},\"inLanguage\":\"fi\",\"potentialAction\":[{\"@type\":\"ReadAction\",\"target\":[\"https:\/\/lahdenkitaraorkesteri.fi\/index.php\/biisilista\/\"]}]},{\"@type\":\"BreadcrumbList\",\"@id\":\"https:\/\/lahdenkitaraorkesteri.fi\/index.php\/biisilista\/#breadcrumb\",\"itemListElement\":[{\"@type\":\"ListItem\",\"position\":1,\"name\":\"Home\",\"item\":\"https:\/\/lahdenkitaraorkesteri.fi\/\"},{\"@type\":\"ListItem\",\"position\":2,\"name\":\"Biisilista\"}]},{\"@type\":\"WebSite\",\"@id\":\"https:\/\/lahdenkitaraorkesteri.fi\/#website\",\"url\":\"https:\/\/lahdenkitaraorkesteri.fi\/\",\"name\":\"LAHDEN KITARAORKESTERI\",\"description\":\"Soittoa ja laulua vuodesta 2002\",\"publisher\":{\"@id\":\"https:\/\/lahdenkitaraorkesteri.fi\/#organization\"},\"potentialAction\":[{\"@type\":\"SearchAction\",\"target\":{\"@type\":\"EntryPoint\",\"urlTemplate\":\"https:\/\/lahdenkitaraorkesteri.fi\/?s={search_term_string}\"},\"query-input\":{\"@type\":\"PropertyValueSpecification\",\"valueRequired\":true,\"valueName\":\"search_term_string\"}}],\"inLanguage\":\"fi\"},{\"@type\":\"Organization\",\"@id\":\"https:\/\/lahdenkitaraorkesteri.fi\/#organization\",\"name\":\"LAHDEN KITARAORKESTERI\",\"url\":\"https:\/\/lahdenkitaraorkesteri.fi\/\",\"logo\":{\"@type\":\"ImageObject\",\"inLanguage\":\"fi\",\"@id\":\"https:\/\/lahdenkitaraorkesteri.fi\/#\/schema\/logo\/image\/\",\"url\":\"https:\/\/lahdenkitaraorkesteri.fi\/wp-content\/uploads\/2021\/03\/cropped-LKO-Logo.jpg\",\"contentUrl\":\"https:\/\/lahdenkitaraorkesteri.fi\/wp-content\/uploads\/2021\/03\/cropped-LKO-Logo.jpg\",\"width\":512,\"height\":512,\"caption\":\"LAHDEN KITARAORKESTERI\"},\"image\":{\"@id\":\"https:\/\/lahdenkitaraorkesteri.fi\/#\/schema\/logo\/image\/\"}}]}<\/script>\n<!-- \/ Yoast SEO plugin. -->","yoast_head_json":{"title":"Biisilista - LAHDEN KITARAORKESTERI","robots":{"index":"index","follow":"follow","max-snippet":"max-snippet:-1","max-image-preview":"max-image-preview:large","max-video-preview":"max-video-preview:-1"},"canonical":"https:\/\/lahdenkitaraorkesteri.fi\/index.php\/biisilista\/","og_locale":"fi_FI","og_type":"article","og_title":"Biisilista - LAHDEN KITARAORKESTERI","og_description":"&nbsp; Nimi: Toinen nimi: Esitt\u00e4j\u00e4(t): L\u00e4ht\u00f6sointu: 1 Aaveratsastajat (Ghost) Riders in the Sky Eri esitt\u00e4ji\u00e4 mm. Shadows, Johnny Cash Dm 2 Ajomies \u042f\u043c\u0449\u0438\u043a, \u043d\u0435 \u0433\u043e\u043d\u0438 \u043b\u043e\u0448\u0430\u0434\u0435\u0439, Jam\u0161t\u0161ik, ne goni lo\u0161adei Olavi Virta, Agents Cm 3 Albatross &nbsp; Fleetwood Mac E 4 Apache &nbsp; Shadows \/ Bert Weedom Am 5 Atlantis &nbsp; Shadows F 6 Be-Bop-A-Lula [&hellip;]","og_url":"https:\/\/lahdenkitaraorkesteri.fi\/index.php\/biisilista\/","og_site_name":"LAHDEN KITARAORKESTERI","article_modified_time":"2021-03-18T20:28:46+00:00","twitter_card":"summary_large_image","twitter_misc":{"Arvioitu lukuaika":"5 minuuttia"},"schema":{"@context":"https:\/\/schema.org","@graph":[{"@type":"WebPage","@id":"https:\/\/lahdenkitaraorkesteri.fi\/index.php\/biisilista\/","url":"https:\/\/lahdenkitaraorkesteri.fi\/index.php\/biisilista\/","name":"Biisilista - LAHDEN KITARAORKESTERI","isPartOf":{"@id":"https:\/\/lahdenkitaraorkesteri.fi\/#website"},"datePublished":"2021-03-08T22:53:40+00:00","dateModified":"2021-03-18T20:28:46+00:00","breadcrumb":{"@id":"https:\/\/lahdenkitaraorkesteri.fi\/index.php\/biisilista\/#breadcrumb"},"inLanguage":"fi","potentialAction":[{"@type":"ReadAction","target":["https:\/\/lahdenkitaraorkesteri.fi\/index.php\/biisilista\/"]}]},{"@type":"BreadcrumbList","@id":"https:\/\/lahdenkitaraorkesteri.fi\/index.php\/biisilista\/#breadcrumb","itemListElement":[{"@type":"ListItem","position":1,"name":"Home","item":"https:\/\/lahdenkitaraorkesteri.fi\/"},{"@type":"ListItem","position":2,"name":"Biisilista"}]},{"@type":"WebSite","@id":"https:\/\/lahdenkitaraorkesteri.fi\/#website","url":"https:\/\/lahdenkitaraorkesteri.fi\/","name":"LAHDEN KITARAORKESTERI","description":"Soittoa ja laulua vuodesta 2002","publisher":{"@id":"https:\/\/lahdenkitaraorkesteri.fi\/#organization"},"potentialAction":[{"@type":"SearchAction","target":{"@type":"EntryPoint","urlTemplate":"https:\/\/lahdenkitaraorkesteri.fi\/?s={search_term_string}"},"query-input":{"@type":"PropertyValueSpecification","valueRequired":true,"valueName":"search_term_string"}}],"inLanguage":"fi"},{"@type":"Organization","@id":"https:\/\/lahdenkitaraorkesteri.fi\/#organization","name":"LAHDEN KITARAORKESTERI","url":"https:\/\/lahdenkitaraorkesteri.fi\/","logo":{"@type":"ImageObject","inLanguage":"fi","@id":"https:\/\/lahdenkitaraorkesteri.fi\/#\/schema\/logo\/image\/","url":"https:\/\/lahdenkitaraorkesteri.fi\/wp-content\/uploads\/2021\/03\/cropped-LKO-Logo.jpg","contentUrl":"https:\/\/lahdenkitaraorkesteri.fi\/wp-content\/uploads\/2021\/03\/cropped-LKO-Logo.jpg","width":512,"height":512,"caption":"LAHDEN KITARAORKESTERI"},"image":{"@id":"https:\/\/lahdenkitaraorkesteri.fi\/#\/schema\/logo\/image\/"}}]}},"_links":{"self":[{"href":"https:\/\/lahdenkitaraorkesteri.fi\/index.php\/wp-json\/wp\/v2\/pages\/104","targetHints":{"allow":["GET"]}}],"collection":[{"href":"https:\/\/lahdenkitaraorkesteri.fi\/index.php\/wp-json\/wp\/v2\/pages"}],"about":[{"href":"https:\/\/lahdenkitaraorkesteri.fi\/index.php\/wp-json\/wp\/v2\/types\/page"}],"author":[{"embeddable":true,"href":"https:\/\/lahdenkitaraorkesteri.fi\/index.php\/wp-json\/wp\/v2\/users\/3"}],"replies":[{"embeddable":true,"href":"https:\/\/lahdenkitaraorkesteri.fi\/index.php\/wp-json\/wp\/v2\/comments?post=104"}],"version-history":[{"count":4,"href":"https:\/\/lahdenkitaraorkesteri.fi\/index.php\/wp-json\/wp\/v2\/pages\/104\/revisions"}],"predecessor-version":[{"id":169,"href":"https:\/\/lahdenkitaraorkesteri.fi\/index.php\/wp-json\/wp\/v2\/pages\/104\/revisions\/169"}],"wp:attachment":[{"href":"https:\/\/lahdenkitaraorkesteri.fi\/index.php\/wp-json\/wp\/v2\/media?parent=104"}],"curies":[{"name":"wp","href":"https:\/\/api.w.org\/{rel}","templated":true}]}}