{"id":13,"date":"2021-03-02T15:15:46","date_gmt":"2021-03-02T15:15:46","guid":{"rendered":"https:\/\/lahdenkitaraorkesteri.fi\/?page_id=13"},"modified":"2021-03-09T20:51:28","modified_gmt":"2021-03-09T20:51:28","slug":"about","status":"publish","type":"page","link":"https:\/\/lahdenkitaraorkesteri.fi\/index.php\/about\/","title":{"rendered":"Tietoja meist\u00e4"},"content":{"rendered":"\n<p>Lahden Kitaraorkesteri ry (LaKO) rekister\u00f6itiin syksyll\u00e4 2018, mutta yhdistyksell\u00e4 ja sen orkesterilla on jo 20 vuoden historia. Orkesterin juuret ovat 2000-luvun alun lahtelaisessa kansanopistotoiminnassa, kun Harjulan kansalaisopistossa k\u00e4ynnistyi soittokurssi \u201dAkustisen kitaransoiton alkeet aikuisille\u201d (2002).<\/p>\n\n\n\n<p>Wellamo-opiston puitteissa vuonna 2011 otettiin k\u00e4ytt\u00f6\u00f6n nimi Akustinen kitaraorkesteri. Kokoonpanon nimi on nyt siis Lahden Kitaraorkesteri ja sen toimintaa tukemaan on perustettu rekister\u00f6ity yhdistys.<\/p>\n\n\n\n<p>Mukana on t\u00e4ll\u00e4 hetkell\u00e4 noin 15 aktiivista soitonharrastajaa kansalaisopistojen\u00a0kursseilta jo vuosien takaa. LaKO:n vet\u00e4j\u00e4n\u00e4 toimii bulgariataustainen muusikko ja kitaransoiton opettaja Dimitar (Mitko) Popov.<\/p>\n\n\n\n<p>LaKO:n repertuaariin kuuluu tuttuja ikivihreit\u00e4, poppia, rockia, balladeja Beatlesista&nbsp;Rauli Badding Somerjokeen. &nbsp;Ryhm\u00e4 on esiintynyt mm. j\u00e4rjest\u00f6jen, yritysten ja sairaaloidenkin tilaisuuksissa. Valon ja Musiikin ilta Huovilan puistossa, K\u00e4rk\u00f6l\u00e4ss\u00e4, oli iso menestys. Orkesteri on my\u00f6s esiintynyt Bulgarian Plovdivissa, kun kyseinen kaupunki toimi Euroopan kulttuurip\u00e4\u00e4kaupunkina vuonna 2019.<\/p>\n\n\n\n<p>LaKO tulee jatkamaan n\u00e4it\u00e4 esiintymisi\u00e4 my\u00f6s t\u00e4n\u00e4 vuonna, kunhan koronatilanne sen sallii. Orkesteri ottaa my\u00f6s mahdollisia toimeksiantoja ja tilauksia.<\/p>\n","protected":false},"excerpt":{"rendered":"<p>Lahden Kitaraorkesteri ry (LaKO) rekister\u00f6itiin syksyll\u00e4 2018, mutta yhdistyksell\u00e4 ja sen orkesterilla on jo 20 vuoden historia. Orkesterin juuret ovat 2000-luvun alun lahtelaisessa kansanopistotoiminnassa, kun Harjulan kansalaisopistossa k\u00e4ynnistyi soittokurssi \u201dAkustisen kitaransoiton alkeet aikuisille\u201d (2002). Wellamo-opiston puitteissa vuonna 2011 otettiin k\u00e4ytt\u00f6\u00f6n nimi Akustinen kitaraorkesteri. Kokoonpanon nimi on nyt siis Lahden Kitaraorkesteri ja sen toimintaa tukemaan on [&hellip;]<\/p>\n","protected":false},"author":3,"featured_media":36,"parent":0,"menu_order":0,"comment_status":"closed","ping_status":"closed","template":"","meta":{"site-sidebar-layout":"default","site-content-layout":"default","ast-site-content-layout":"default","site-content-style":"default","site-sidebar-style":"default","ast-global-header-display":"","ast-banner-title-visibility":"","ast-main-header-display":"","ast-hfb-above-header-display":"","ast-hfb-below-header-display":"","ast-hfb-mobile-header-display":"","site-post-title":"","ast-breadcrumbs-content":"","ast-featured-img":"","footer-sml-layout":"","ast-disable-related-posts":"","theme-transparent-header-meta":"default","adv-header-id-meta":"","stick-header-meta":"","header-above-stick-meta":"","header-main-stick-meta":"","header-below-stick-meta":"","astra-migrate-meta-layouts":"default","ast-page-background-enabled":"default","ast-page-background-meta":{"desktop":{"background-color":"","background-image":"","background-repeat":"repeat","background-position":"center center","background-size":"auto","background-attachment":"scroll","background-type":"","background-media":"","overlay-type":"","overlay-color":"","overlay-opacity":"","overlay-gradient":""},"tablet":{"background-color":"","background-image":"","background-repeat":"repeat","background-position":"center center","background-size":"auto","background-attachment":"scroll","background-type":"","background-media":"","overlay-type":"","overlay-color":"","overlay-opacity":"","overlay-gradient":""},"mobile":{"background-color":"","background-image":"","background-repeat":"repeat","background-position":"center center","background-size":"auto","background-attachment":"scroll","background-type":"","background-media":"","overlay-type":"","overlay-color":"","overlay-opacity":"","overlay-gradient":""}},"ast-content-background-meta":{"desktop":{"background-color":"var(--ast-global-color-5)","background-image":"","background-repeat":"repeat","background-position":"center center","background-size":"auto","background-attachment":"scroll","background-type":"","background-media":"","overlay-type":"","overlay-color":"","overlay-opacity":"","overlay-gradient":""},"tablet":{"background-color":"var(--ast-global-color-5)","background-image":"","background-repeat":"repeat","background-position":"center center","background-size":"auto","background-attachment":"scroll","background-type":"","background-media":"","overlay-type":"","overlay-color":"","overlay-opacity":"","overlay-gradient":""},"mobile":{"background-color":"var(--ast-global-color-5)","background-image":"","background-repeat":"repeat","background-position":"center center","background-size":"auto","background-attachment":"scroll","background-type":"","background-media":"","overlay-type":"","overlay-color":"","overlay-opacity":"","overlay-gradient":""}},"footnotes":""},"class_list":["post-13","page","type-page","status-publish","has-post-thumbnail","hentry"],"yoast_head":"<!-- This site is optimized with the Yoast SEO plugin v27.2 - https:\/\/yoast.com\/product\/yoast-seo-wordpress\/ -->\n<title>Tietoja meist\u00e4 - LAHDEN KITARAORKESTERI<\/title>\n<meta name=\"robots\" content=\"index, follow, max-snippet:-1, max-image-preview:large, max-video-preview:-1\" \/>\n<link rel=\"canonical\" href=\"https:\/\/lahdenkitaraorkesteri.fi\/index.php\/about\/\" \/>\n<meta property=\"og:locale\" content=\"fi_FI\" \/>\n<meta property=\"og:type\" content=\"article\" \/>\n<meta property=\"og:title\" content=\"Tietoja meist\u00e4 - LAHDEN KITARAORKESTERI\" \/>\n<meta property=\"og:description\" content=\"Lahden Kitaraorkesteri ry (LaKO) rekister\u00f6itiin syksyll\u00e4 2018, mutta yhdistyksell\u00e4 ja sen orkesterilla on jo 20 vuoden historia. Orkesterin juuret ovat 2000-luvun alun lahtelaisessa kansanopistotoiminnassa, kun Harjulan kansalaisopistossa k\u00e4ynnistyi soittokurssi \u201dAkustisen kitaransoiton alkeet aikuisille\u201d (2002). Wellamo-opiston puitteissa vuonna 2011 otettiin k\u00e4ytt\u00f6\u00f6n nimi Akustinen kitaraorkesteri. Kokoonpanon nimi on nyt siis Lahden Kitaraorkesteri ja sen toimintaa tukemaan on [&hellip;]\" \/>\n<meta property=\"og:url\" content=\"https:\/\/lahdenkitaraorkesteri.fi\/index.php\/about\/\" \/>\n<meta property=\"og:site_name\" content=\"LAHDEN KITARAORKESTERI\" \/>\n<meta property=\"article:modified_time\" content=\"2021-03-09T20:51:28+00:00\" \/>\n<meta property=\"og:image\" content=\"https:\/\/lahdenkitaraorkesteri.fi\/wp-content\/uploads\/2021\/03\/20190826_181641-scaled.jpg\" \/>\n\t<meta property=\"og:image:width\" content=\"2560\" \/>\n\t<meta property=\"og:image:height\" content=\"1920\" \/>\n\t<meta property=\"og:image:type\" content=\"image\/jpeg\" \/>\n<meta name=\"twitter:card\" content=\"summary_large_image\" \/>\n<meta name=\"twitter:label1\" content=\"Arvioitu lukuaika\" \/>\n\t<meta name=\"twitter:data1\" content=\"1 minuutti\" \/>\n<script type=\"application\/ld+json\" class=\"yoast-schema-graph\">{\"@context\":\"https:\/\/schema.org\",\"@graph\":[{\"@type\":\"WebPage\",\"@id\":\"https:\/\/lahdenkitaraorkesteri.fi\/index.php\/about\/\",\"url\":\"https:\/\/lahdenkitaraorkesteri.fi\/index.php\/about\/\",\"name\":\"Tietoja meist\u00e4 - LAHDEN KITARAORKESTERI\",\"isPartOf\":{\"@id\":\"https:\/\/lahdenkitaraorkesteri.fi\/#website\"},\"primaryImageOfPage\":{\"@id\":\"https:\/\/lahdenkitaraorkesteri.fi\/index.php\/about\/#primaryimage\"},\"image\":{\"@id\":\"https:\/\/lahdenkitaraorkesteri.fi\/index.php\/about\/#primaryimage\"},\"thumbnailUrl\":\"https:\/\/lahdenkitaraorkesteri.fi\/wp-content\/uploads\/2021\/03\/20190826_181641-scaled.jpg\",\"datePublished\":\"2021-03-02T15:15:46+00:00\",\"dateModified\":\"2021-03-09T20:51:28+00:00\",\"breadcrumb\":{\"@id\":\"https:\/\/lahdenkitaraorkesteri.fi\/index.php\/about\/#breadcrumb\"},\"inLanguage\":\"fi\",\"potentialAction\":[{\"@type\":\"ReadAction\",\"target\":[\"https:\/\/lahdenkitaraorkesteri.fi\/index.php\/about\/\"]}]},{\"@type\":\"ImageObject\",\"inLanguage\":\"fi\",\"@id\":\"https:\/\/lahdenkitaraorkesteri.fi\/index.php\/about\/#primaryimage\",\"url\":\"https:\/\/lahdenkitaraorkesteri.fi\/wp-content\/uploads\/2021\/03\/20190826_181641-scaled.jpg\",\"contentUrl\":\"https:\/\/lahdenkitaraorkesteri.fi\/wp-content\/uploads\/2021\/03\/20190826_181641-scaled.jpg\",\"width\":2560,\"height\":1920},{\"@type\":\"BreadcrumbList\",\"@id\":\"https:\/\/lahdenkitaraorkesteri.fi\/index.php\/about\/#breadcrumb\",\"itemListElement\":[{\"@type\":\"ListItem\",\"position\":1,\"name\":\"Home\",\"item\":\"https:\/\/lahdenkitaraorkesteri.fi\/\"},{\"@type\":\"ListItem\",\"position\":2,\"name\":\"Tietoja meist\u00e4\"}]},{\"@type\":\"WebSite\",\"@id\":\"https:\/\/lahdenkitaraorkesteri.fi\/#website\",\"url\":\"https:\/\/lahdenkitaraorkesteri.fi\/\",\"name\":\"LAHDEN KITARAORKESTERI\",\"description\":\"Soittoa ja laulua vuodesta 2002\",\"publisher\":{\"@id\":\"https:\/\/lahdenkitaraorkesteri.fi\/#organization\"},\"potentialAction\":[{\"@type\":\"SearchAction\",\"target\":{\"@type\":\"EntryPoint\",\"urlTemplate\":\"https:\/\/lahdenkitaraorkesteri.fi\/?s={search_term_string}\"},\"query-input\":{\"@type\":\"PropertyValueSpecification\",\"valueRequired\":true,\"valueName\":\"search_term_string\"}}],\"inLanguage\":\"fi\"},{\"@type\":\"Organization\",\"@id\":\"https:\/\/lahdenkitaraorkesteri.fi\/#organization\",\"name\":\"LAHDEN KITARAORKESTERI\",\"url\":\"https:\/\/lahdenkitaraorkesteri.fi\/\",\"logo\":{\"@type\":\"ImageObject\",\"inLanguage\":\"fi\",\"@id\":\"https:\/\/lahdenkitaraorkesteri.fi\/#\/schema\/logo\/image\/\",\"url\":\"https:\/\/lahdenkitaraorkesteri.fi\/wp-content\/uploads\/2021\/03\/cropped-LKO-Logo.jpg\",\"contentUrl\":\"https:\/\/lahdenkitaraorkesteri.fi\/wp-content\/uploads\/2021\/03\/cropped-LKO-Logo.jpg\",\"width\":512,\"height\":512,\"caption\":\"LAHDEN KITARAORKESTERI\"},\"image\":{\"@id\":\"https:\/\/lahdenkitaraorkesteri.fi\/#\/schema\/logo\/image\/\"}}]}<\/script>\n<!-- \/ Yoast SEO plugin. -->","yoast_head_json":{"title":"Tietoja meist\u00e4 - LAHDEN KITARAORKESTERI","robots":{"index":"index","follow":"follow","max-snippet":"max-snippet:-1","max-image-preview":"max-image-preview:large","max-video-preview":"max-video-preview:-1"},"canonical":"https:\/\/lahdenkitaraorkesteri.fi\/index.php\/about\/","og_locale":"fi_FI","og_type":"article","og_title":"Tietoja meist\u00e4 - LAHDEN KITARAORKESTERI","og_description":"Lahden Kitaraorkesteri ry (LaKO) rekister\u00f6itiin syksyll\u00e4 2018, mutta yhdistyksell\u00e4 ja sen orkesterilla on jo 20 vuoden historia. Orkesterin juuret ovat 2000-luvun alun lahtelaisessa kansanopistotoiminnassa, kun Harjulan kansalaisopistossa k\u00e4ynnistyi soittokurssi \u201dAkustisen kitaransoiton alkeet aikuisille\u201d (2002). Wellamo-opiston puitteissa vuonna 2011 otettiin k\u00e4ytt\u00f6\u00f6n nimi Akustinen kitaraorkesteri. Kokoonpanon nimi on nyt siis Lahden Kitaraorkesteri ja sen toimintaa tukemaan on [&hellip;]","og_url":"https:\/\/lahdenkitaraorkesteri.fi\/index.php\/about\/","og_site_name":"LAHDEN KITARAORKESTERI","article_modified_time":"2021-03-09T20:51:28+00:00","og_image":[{"width":2560,"height":1920,"url":"https:\/\/lahdenkitaraorkesteri.fi\/wp-content\/uploads\/2021\/03\/20190826_181641-scaled.jpg","type":"image\/jpeg"}],"twitter_card":"summary_large_image","twitter_misc":{"Arvioitu lukuaika":"1 minuutti"},"schema":{"@context":"https:\/\/schema.org","@graph":[{"@type":"WebPage","@id":"https:\/\/lahdenkitaraorkesteri.fi\/index.php\/about\/","url":"https:\/\/lahdenkitaraorkesteri.fi\/index.php\/about\/","name":"Tietoja meist\u00e4 - LAHDEN KITARAORKESTERI","isPartOf":{"@id":"https:\/\/lahdenkitaraorkesteri.fi\/#website"},"primaryImageOfPage":{"@id":"https:\/\/lahdenkitaraorkesteri.fi\/index.php\/about\/#primaryimage"},"image":{"@id":"https:\/\/lahdenkitaraorkesteri.fi\/index.php\/about\/#primaryimage"},"thumbnailUrl":"https:\/\/lahdenkitaraorkesteri.fi\/wp-content\/uploads\/2021\/03\/20190826_181641-scaled.jpg","datePublished":"2021-03-02T15:15:46+00:00","dateModified":"2021-03-09T20:51:28+00:00","breadcrumb":{"@id":"https:\/\/lahdenkitaraorkesteri.fi\/index.php\/about\/#breadcrumb"},"inLanguage":"fi","potentialAction":[{"@type":"ReadAction","target":["https:\/\/lahdenkitaraorkesteri.fi\/index.php\/about\/"]}]},{"@type":"ImageObject","inLanguage":"fi","@id":"https:\/\/lahdenkitaraorkesteri.fi\/index.php\/about\/#primaryimage","url":"https:\/\/lahdenkitaraorkesteri.fi\/wp-content\/uploads\/2021\/03\/20190826_181641-scaled.jpg","contentUrl":"https:\/\/lahdenkitaraorkesteri.fi\/wp-content\/uploads\/2021\/03\/20190826_181641-scaled.jpg","width":2560,"height":1920},{"@type":"BreadcrumbList","@id":"https:\/\/lahdenkitaraorkesteri.fi\/index.php\/about\/#breadcrumb","itemListElement":[{"@type":"ListItem","position":1,"name":"Home","item":"https:\/\/lahdenkitaraorkesteri.fi\/"},{"@type":"ListItem","position":2,"name":"Tietoja meist\u00e4"}]},{"@type":"WebSite","@id":"https:\/\/lahdenkitaraorkesteri.fi\/#website","url":"https:\/\/lahdenkitaraorkesteri.fi\/","name":"LAHDEN KITARAORKESTERI","description":"Soittoa ja laulua vuodesta 2002","publisher":{"@id":"https:\/\/lahdenkitaraorkesteri.fi\/#organization"},"potentialAction":[{"@type":"SearchAction","target":{"@type":"EntryPoint","urlTemplate":"https:\/\/lahdenkitaraorkesteri.fi\/?s={search_term_string}"},"query-input":{"@type":"PropertyValueSpecification","valueRequired":true,"valueName":"search_term_string"}}],"inLanguage":"fi"},{"@type":"Organization","@id":"https:\/\/lahdenkitaraorkesteri.fi\/#organization","name":"LAHDEN KITARAORKESTERI","url":"https:\/\/lahdenkitaraorkesteri.fi\/","logo":{"@type":"ImageObject","inLanguage":"fi","@id":"https:\/\/lahdenkitaraorkesteri.fi\/#\/schema\/logo\/image\/","url":"https:\/\/lahdenkitaraorkesteri.fi\/wp-content\/uploads\/2021\/03\/cropped-LKO-Logo.jpg","contentUrl":"https:\/\/lahdenkitaraorkesteri.fi\/wp-content\/uploads\/2021\/03\/cropped-LKO-Logo.jpg","width":512,"height":512,"caption":"LAHDEN KITARAORKESTERI"},"image":{"@id":"https:\/\/lahdenkitaraorkesteri.fi\/#\/schema\/logo\/image\/"}}]}},"_links":{"self":[{"href":"https:\/\/lahdenkitaraorkesteri.fi\/index.php\/wp-json\/wp\/v2\/pages\/13","targetHints":{"allow":["GET"]}}],"collection":[{"href":"https:\/\/lahdenkitaraorkesteri.fi\/index.php\/wp-json\/wp\/v2\/pages"}],"about":[{"href":"https:\/\/lahdenkitaraorkesteri.fi\/index.php\/wp-json\/wp\/v2\/types\/page"}],"author":[{"embeddable":true,"href":"https:\/\/lahdenkitaraorkesteri.fi\/index.php\/wp-json\/wp\/v2\/users\/3"}],"replies":[{"embeddable":true,"href":"https:\/\/lahdenkitaraorkesteri.fi\/index.php\/wp-json\/wp\/v2\/comments?post=13"}],"version-history":[{"count":6,"href":"https:\/\/lahdenkitaraorkesteri.fi\/index.php\/wp-json\/wp\/v2\/pages\/13\/revisions"}],"predecessor-version":[{"id":122,"href":"https:\/\/lahdenkitaraorkesteri.fi\/index.php\/wp-json\/wp\/v2\/pages\/13\/revisions\/122"}],"wp:featuredmedia":[{"embeddable":true,"href":"https:\/\/lahdenkitaraorkesteri.fi\/index.php\/wp-json\/wp\/v2\/media\/36"}],"wp:attachment":[{"href":"https:\/\/lahdenkitaraorkesteri.fi\/index.php\/wp-json\/wp\/v2\/media?parent=13"}],"curies":[{"name":"wp","href":"https:\/\/api.w.org\/{rel}","templated":true}]}}